at are the prime factors of 645996779?
29, 41, 543311
List the prime factors of 77669654.
2, 2113, 18379
List the prime factors of 1567327067.
37, 97, 229, 1907
What are the prime factors of 652832226?
2, 3, 2927, 12391
List the prime factors of 7417047722.
2, 7, 47, 1093, 10313
List the prime factors of 9857146.
2, 13, 79, 4799
List the prime factors of 2502311060.
2, 5, 125115553
List the prime factors of 4883195314.
2, 2459, 992923
List the prime factors of 466312878.
2, 3, 2083, 12437
List the prime factors of 1213519221.
3, 233, 578693
What are the prime factors of 637069510?
2, 5, 7, 11, 43, 71, 271
What are the prime factors of 372851808?
2, 3, 7, 554839
List the prime factors of 5213770836.
2, 3, 31, 14015513
List the prime factors of 59868264.
2, 3, 23, 108457
What are the prime factors of 145213700?
2, 5, 389, 3733
List the prime factors of 30311346.
2, 3, 13, 19, 113, 181
List the prime factors of 358894316.
2, 11, 31, 263119
What are the prime factors of 133247168?
2, 977, 2131
List the prime factors of 108446349.
3, 11, 17, 61, 3169
What are the prime factors of 450427082?
2, 7, 73, 440731
List the prime factors of 33277577.
33277577
List the prime factors of 4949843752.
2, 7, 2579, 34273
What are the prime factors of 1834010270?
2, 5, 183401027
List the prime factors of 2327812526.
2, 13, 89531251
List the prime factors of 43601404.
2, 7, 11, 53, 2671
List the prime factors of 182847310.
2, 5, 18284731
List the prime factors of 20976653.
20976653
List the prime factors of 126929707.
1549, 81943
What are the prime factors of 3987158339?
3987158339
List the prime factors of 453574033.
11, 421, 97943
List the prime factors of 641436625.
5, 37, 331, 419
List the prime factors of 662272708.
2, 165568177
List the prime factors of 1472327191.
863, 1706057
What are the prime factors of 928526357?
11, 103, 743, 1103
What are the prime factors of 3269333742?
2, 3, 67, 613, 13267
What are the prime factors of 71737086?
2, 3, 11956181
List the prime factors of 29739896.
2, 83, 44789
What are the prime factors of 135094699?
17, 7946747
What are the prime factors of 4606489676?
2, 15073, 76403
List the prime factors of 3442900109.
11, 359, 523, 1667
What are the prime factors of 131353516?
2, 7, 167, 4013
List the prime factors of 7454545.
5, 7, 212987
What are the prime factors of 275955609?
3, 3823, 24061
List the prime factors of 213315338.
2, 9277, 11497
What are the prime factors of 108318900?
2, 3, 5, 17, 67, 317
List the prime factors of 809855914.
2, 7, 29, 601, 3319
What are the prime factors of 85567398?
2, 3, 7, 109, 18691
What are the prime factors of 90308674?
2, 45154337
What are the prime factors of 275679683?
19, 31, 59, 7933
List the prime factors of 348513798.
2, 3, 58085633
List the prime factors of 27863052.
2, 3, 7, 89, 3727
List the prime factors of 276453747.
3, 30717083
List the prime factors of 48976557.
3, 7, 83, 28099
What are the prime factors of 7403445?
3, 5, 7, 19, 1237
What are the prime factors of 239103914?
2, 7, 17078851
List the prime factors of 186013758.
2, 3, 7, 4428899
List the prime factors of 622287123.
3, 207429041
List the prime factors of 2134657.
7, 467, 653
What are the prime factors of 1486939063?
59, 25202357
What are the prime factors of 269200114?
2, 47, 733, 3907
What are the prime factors of 139304712?
2, 3, 619, 9377
What are the prime factors of 92731524?
2, 3, 2377, 3251
What are the prime factors of 624307133?
17, 36723949
List the prime factors of 162809670.
2, 3, 5, 19, 285631
What are the prime factors of 2036116104?
2, 3, 11, 167, 46183
What are the prime factors of 4418282995?
5, 7, 126236657
What are the prime factors of 239262618?
2, 3, 7, 47, 61, 1987
List the prime factors of 925456100.
2, 5, 41, 225721
List the prime factors of 5404833847.
7, 772119121
What are the prime factors of 11061195?
3, 5, 737413
What are the prime factors of 246169190?
2, 5, 967, 25457
What are the prime factors of 315430208?
2, 31, 173, 919
What are the prime factors of 4847329?
17, 389, 733
What are the prime factors of 420251563?
420251563
What are the prime factors of 308203915?
5, 61640783
List the prime factors of 35940543.
3, 11980181
What are the prime factors of 86158290?
2, 3, 5, 59, 48677
What are the prime factors of 1311849413?
7, 23, 31, 37549
List the prime factors of 2992146225.
3, 5, 1399, 28517
What are the prime factors of 628052096?
2, 7, 61, 11491
List the prime factors of 52990724.
2, 233, 56857
List the prime factors of 122002988.
2, 149, 277, 739
List the prime factors of 722730094.
2, 19, 31, 613523
What are the prime factors of 14868295?
5, 13, 59, 3877
List the prime factors of 862042024.
2, 23, 787, 5953
What are the prime factors of 248674378?
2, 124337189
What are the prime factors of 1805447937?
3, 191, 3150869
What are the prime factors of 423732640?
2, 5, 733, 3613
What are the prime factors of 43465342?
2, 21732671
List the prime factors of 51386014.
2, 73, 351959
What are the prime factors of 328260424?
2, 59, 695467
List the prime factors of 1481091700.
2, 5, 11, 1346447
List the prime factors of 3518589057.
3, 19121, 61339
List the prime factors of 3376358.
2, 1688179
List the prime factors of 37516856.
2, 13, 151, 2389
What are the prime factors of 966846126?
2, 3, 161141021
List the prime factors of 80834946.
2, 3, 101, 133391
What are the prime factors of 1045432198?
2, 1741, 300239
List the prime factors of 21809107.
409, 53323
What are the prime factors of 704467775?
5, 11, 1129, 2269
What are the prime factors of 2446515479?
743, 3292753
What are the prime factors of 437437446?
2, 3, 41, 59, 30139
List the prime factors of 154554519.
3, 7, 53, 138863
What are the prime factors of 147225366?
2, 3, 107, 76441
What are the prime factors of 3656986123?
7, 6691, 78079
List the prime factors of 4337953360.
2, 5, 13, 47, 88747
List the prime factors of 165337355.
5, 587, 56333
What are the prime factors of 4661378315?
5, 11, 167, 507499
What are the prime factors of 56656922?
2, 7, 61, 66343
What are the prime factors of 142383906?
2, 3, 7, 1993
List the prime factors of 150803307.
3, 47, 356509
What are the prime factors of 478818801?
3, 53, 149, 6737
List the prime factors of 36503151.
3, 31, 83, 4729
What are the prime factors of 3030280433?
113, 26816641
List the prime factors of 255453355.
5, 51090671
What are the prime factors of 9148380?
2, 3, 5, 17, 8969
List the prime factors of 886649462.
2, 443324731
What are the prime factors of 11850162?
2, 3, 1975027
List the prime factors of 74118959.
71, 1043929
What are the prime factors of 4977200562?
2, 3, 97, 8551891
List the prime factors of 76196147.
6827, 11161
What are the prime factors of 66175060?
2, 5, 7, 47, 89, 113
What are the prime factors of 2811674977?
3547, 792691
What are the prime factors of 3820294704?
2, 3, 1759, 45247
List the prime factors of 31667138.
2, 3769, 4201
What are the prime factors of 2956506663?
3, 11, 179, 500509
What are the prime factors of 60492651?
3, 761, 26497
List the prime factors of 405251713.
29, 37, 377681
What are the prime factors of 289702785?
3, 5, 19, 37, 83, 331
List the prime factors of 409396907.
17, 24082171
What are the prime factors of 129530380?
2, 5, 7, 925217
What are the prime factors of 3277413133?
3277413133
What are the prime factors of 37948848?
2, 3, 7, 53, 2131
What are the prime factors of 356100212?
2, 13, 83, 82507
List the prime factors of 1997906240.
2, 5, 11, 19, 29873
What are the prime factors of 542283108?
2, 3, 1319, 34261
List the prime factors of 34878895.
5, 79, 88301
What are the prime factors of 1521589734?
2, 3, 7, 61, 197969
What are the prime factors of 765204940?
2, 5, 23, 739, 2251
What are the prime factors of 424070325?
3, 5, 7, 269251
List the prime factors of 6157712544.
2, 3, 64142839
List the prime factors of 766867280.
2, 5, 17, 41, 809
List the prime factors of 40113024.
2, 3, 7, 14923
List the prime factors of 2754013853.
479, 5749507
What are the prime factors of 602274495?
3, 5, 199, 201767
What are the prime factors of 144811819?
29, 31, 79, 2039
What are the prime factors of 612842292?
2, 3, 17023397
What are the prime factors of 266526396?
2, 3, 1033, 2389
List the prime factors of 15838007.
23, 73, 9433
List th